 = -142*h + 792. Give l(0).
792
Let s(l) = 115*l**2 + 490*l + 3342. Give s(-7).
5547
Let p(f) = 141*f + 11192. Determine p(-79).
53
Let o(v) = -v**2 + 861*v + 360020. Give o(-308).
-32
Let l(g) = -g**2 + 16362*g + 491765. Give l(-30).
5
Let p(d) = -3*d**2 + 3227*d - 84976. What is p(27)?
-34
Let f(i) = -i**3 - 38*i**2 + 455*i - 117. Give f(-48).
1083
Let l(s) = -15793*s - 3600808. What is l(-228)?
-4
Let l(d) = 28*d**3 - 195*d**2 + 70*d - 511. Calculate l(7).
28
Let g(b) = -8*b**3 + 11*b**2 + 223*b + 16. Calculate g(0).
16
Let d(q) = -1654*q - 5892. Give d(-3).
-930
Let f(b) = -675*b + 7202. Calculate f(11).
-223
Let c(g) = 13*g**2 - 210*g + 827. Calculate c(4).
195
Let y(a) = 4562*a + 1386865. Calculate y(-304).
17
Let s(j) = j**3 - 738*j**2 - 19882*j - 466. Give s(-26).
2
Let m(c) = -52*c**2 - 63*c - 427. Give m(-7).
-2534
Let x(v) = 3020869*v - 12083474. Determine x(4).
2
Let j(y) = 299*y + 76235. Give j(-255).
-10
Let i(k) = -967*k**2 - 278496*k + 8. Calculate i(-288).
8
Let m(w) = -1453*w + 21505. Determine m(18).
-4649
Let t(z) = -3046*z - 27423. Determine t(-9).
-9
Let w(k) = -72*k + 1101. Give w(18).
-195
Let b(p) = 25190*p - 327357. Calculate b(13).
113
Let x(n) = 3*n**3 + 5*n**2 + 11*n + 6. Calculate x(-1).
-3
Let g(p) = 139*p**2 + 416*p - 831. Give g(2).
557
Let o(g) = 46138*g - 184891. Determine o(4).
-339
Let d(l) = 6*l**2 + 387*l - 6985. What is d(15)?
170
Let o(j) = j**3 + 73*j**2 + 1166*j - 2999. Determine o(-29).
191
Let l(j) = -18656*j - 727639. Calculate l(-39).
-55
Let k(c) = 4258*c - 1102826. Calculate k(259).
-4
Let y(m) = 74*m**2 - 143*m + 301. Give y(0).
301
Let m(w) = 91359*w + 91353. What is m(-1)?
-6
Let d(s) = -2*s**3 - 80*s**2 - 61*s - 664. Calculate d(-39).
-1327
Let p(t) = -t**2 - 20*t + 539. Determine p(8).
315
Let m(c) = c**2 - 6914*c - 152676. Calculate m(-22).
-84
Let z(c) = -12*c**2 + 3168*c + 29484. Determine z(273).
0
Let l(c) = -c**3 - 37*c**2 + 855*c + 20285. Calculate l(-46).
-1
Let a(y) = -42068*y - 1219969. Calculate a(-29).
3
Let c(v) = -25*v**2 + 521*v + 41. What is c(22)?
-597
Let s(x) = 8*x + 137. What is s(16)?
265
Let m(u) = -1976*u + 94981. Calculate m(48).
133
Let v(s) = -2*s**2 + 881*s + 116506. Calculate v(547).
-5
Let h(q) = 8*q**2 + 140*q - 42. What is h(-17)?
-110
Let o(m) = 2027152*m + 18244367. Determine o(-9).
-1
Let z(o) = -1363*o - 526817. What is z(-386)?
-699
Let s(f) = 2862*f**2 - 145961*f - 31. Give s(51).
20
Let t(c) = -9*c**3 - 91*c**2 + c + 21. Give t(-7).
-1358
Let m(h) = -4*h**2 - 22*h + 442. Give m(11).
-284
Let o(n) = -n**3 - 21*n**2 + 1408*n + 17192. Calculate o(-12).
-1000
Let r(s) = -101*s + 4021. Give r(36).
385
Let k(o) = 984*o - 364073. What is k(370)?
7
Let o(t) = 3*t**3 + 180*t**2 + 1309*t + 6. What is o(-8)?
-482
Let p(w) = -14734*w - 309407. Give p(-21).
7
Let u(k) = -k**3 + 54*k**2 + 127*k - 828. What is u(56)?
12
Let f(j) = j**3 - 10*j**2 - 4048*j + 63241. What is f(16)?
9
Let x(h) = 7*h**2 - 494*h - 1485. Determine x(-3).
60
Let l(o) = -480*o**2 + 60*o - 15. What is l(1)?
-435
Let c(h) = -h**3 - 6*h**2 + 324*h + 2625. Give c(-9).
-48
Let n(v) = -12003*v + 1236312. Calculate n(103).
3
Let k(d) = -5183*d + 1181694. What is k(228)?
-30
Let v(w) = 18207*w + 691503. Determine v(-38).
-363
Let f(r) = 5516*r**2 - 55197*r + 365. Give f(10).
-5
Let w(v) = v**2 + 2012*v + 12022. Determine w(-6).
-14
Let t(l) = -242*l - 1838. What is t(-7)?
-144
Let n(m) = 8*m**2 - 7524*m + 30255. Determine n(4).
287
Let u(r) = -r**3 + 35*r**2 - 43*r - 484. Calculate u(33).
275
Let p(n) = -14*n**3 + 2000*n**2 + 335*n - 6997. Give p(143).
10
Let x(r) = 21*r**2 - 34*r + 33. Calculate x(-5).
728
Let k(x) = -93*x - 4840. Give k(-54).
182
Let h(z) = -87442*z + 612107. Give h(7).
13
Let j(u) = -u**3 - 43*u**2 - 515*u - 21. Calculate j(-24).
1395
Let j(g) = -8398*g - 32372. Calculate j(-4).
1220
Let u(g) = -2*g**3 - 118*g**2 + 374*g + 175. What is u(-62)?
51
Let q(u) = -43*u**3 - 301*u**2 - 11*u - 7. Give q(-7).
70
Let c(k) = -476155*k + 1. Give c(0).
1
Let a(l) = -l**3 + 14*l**2 + 220*l + 7662. Give a(30).
-138
Let o(s) = 182*s - 920. Determine o(6).
172
Let d(i) = -110*i + 3113. Determine d(23).
583
Let m(x) = -2*x**3 + 352*x**2 + 1074*x + 367. Determine m(179).
367
Let m(p) = -283236*p + 2265861. Calculate m(8).
-27
Let k(x) = 21*x**2 - 124*x + 4. What is k(6)?
16
Let d(l) = -9*l**2 - 138*l - 476. What is d(-8)?
52
Let p(u) = -u**3 - 21*u**2 + 203*u + 292. What is p(-28)?
96
Let b(n) = n**2 - 298*n - 4716. Give b(313).
-21
Let f(a) = 6*a**3 - a**2 - 195*a + 195. What is f(1)?
5
Let l(c) = -16*c**2 + 287*c + 269. Determine l(19).
-54
Let j(n) = 3*n**3 - 204*n**2 - 412*n - 566. Calculate j(70).
-6
Let o(d) = -2247*d + 38265. Give o(17).
66
Let v(s) = -2*s**2 - 15833*s + 47523. Determine v(3).
6
Let n(p) = 55*p**3 - 3*p**2 - 58*p - 91. Determine n(-2).
-427
Let x(q) = -30*q**2 - 571*q - 2341. Give x(-13).
12
Let j(g) = -1215*g + 120261. Calculate j(99).
-24
Let z(t) = -3*t**3 - 142*t**2 + 129*t + 1094. Determine z(-48).
-490
Let m(w) = -w**3 - 96*w**2 + 801*w + 350. What is m(8)?
102
Let t(d) = 2*d**3 + 30*d**2 - 181*d + 84. Determine t(4).
-32
Let y(m) = 96*m**2 - 2395*m - 5241. What is y(27)?
78
Let r(z) = -z**2 - 2248*z + 29435. Calculate r(13).
42
Let o(q) = -7*q**3 + 250*q**2 - 111*q - 2245. What is o(35)?
-5
Let b(z) = 107*z**2 - 213*z - 392. What is b(3)?
-68
Let b(t) = 434*t**2 + 49037*t - 565. Give b(-113).
0
Let x(a) = -5*a**3 + 199*a**2 + 406*a + 9. Determine x(-2).
33
Let l(t) = -t**2 - 642*t + 70753. Give l(93).
2398
Let i(t) = -4*t**2 + 567*t - 19182. Give i(86).
-4
Let c(t) = -235*t**2 + 2138*t + 1. Determine c(9).
208
Let l(q) = 10*q**3 + 122*q**2 + 308*q + 3347. What is l(-12)?
-61
Let b(z) = 5*z**2 + 214*z - 300. Determine b(-55).
3055
Let k(j) = -4*j**2 + 139*j - 714. Calculate k(23).
367
Let h(a) = -a**3 - 5*a**2 + 34*a - 22. What is h(-7)?
-162
Let a(r) = r**3 - 215*r**2 + 358*r + 14483. Determine a(213).
-1
Let c(v) = 2402*v + 21579. Determine c(-9).
-39
Let d(i) = -2981*i - 17804. What is d(-6)?
82
Let i(x) = 3*x**2 + 1283*x + 68022. Calculate i(-62).
8
Let c(x) = -10026*x + 59875. What is c(6)?
-281
Let g(z) = z**3 - 31*z**2 + 1324*z - 20808. What is g(19)?
16
Let v(b) = -4*b**3 + 43*b**2 + 10*b - 191. Calculate v(9).
466
Let i(j) = 3*j**3 - 882*j**2 + 1745*j + 2003. Calculate i(292).
-41
Let j(c) = 2*c**3 + c**2 - 47*c - 77. Calculate j(-5).
-67
Let b(k) = 1807470*k - 11. What is b(0)?
-11
Let j(a) = -42*a**2 - 128*a + 1275. Determine j(-7).
113
Let c(z) = 5*z**3 + 79*z**2 + 327*z + 113. Determine c(-6).
-85
Let i(l) = -8311*l + 14004039. What is i(1685)?
4
Let a(u) = -330*u + 4023. Give a(12).
63
Let u(w) = w**3 - 533*w**2 + 574*w - 22388. What is u(532)?
-44
Let z(t) = 16*t - 3410. Determine z(215).
30
Let h(r) = 18*r**2 - 10*r - 432. Give h(-7).
520
Let l(f) = -14*f**2 + 609*f + 7496. What is l(-10)?
6
Let i(h) = h**3 - 96*h**2 + 268*h + 1016. Calculate i(93).
-7
Let v(m) = -909*m + 4875. Determine v(4).
1239
Let t(r) = 3317*r + 1695022. Give t(-511).
35
Let k(m) = -2*m**3 - 6*m**2 - 596*m - 2405. Calculate k(-4).
11
Let h(p) = 19*p**2 + 11733*p + 140598. Give h(-12).
2538
Let k(m) = -1903*m + 36031. Calculate k(19).
-126
Let b(q) = 16*q**2 + 3280*q + 5950. Give b(-203).
-546
Let b(l) = 80*l + 4558. Determine b(-51).
478
Let p(g) = 23568*g + 4124386. Give p(-175).
-14
Let z(h) = 1154583*h + 2309131. Calculate z(-2).
-35
Let u(j) = 5*j**2 + 17*j + 1. What is u(-1)?
-11
Let w(p) = 3*p**3 + 61*p**2 - 10*p - 500. Calculate w(3).
100
Let v(x) = -7484*x + 785830. Give v(105).
10
Let h(u) = 789*u**2 + 2515*u - 2. Give h(-3).
-446
Let j(w) = w**3 - 86*w**2 - 41*w + 4745. What is j(86)?
1219
Let u(c) = 10*c**3 + 13*c**2 + 38*c + 13. Calculate u(-3).
-254
Let w(t) = -2*t**3 - 14*t**2 + 451*t + 3824. What is w(-13)?
-11
Let g(h) = h**2 + 1832*h + 71770. What is g(-40)?
90
Let v(q) = 5*q**2 + 8*q + 62. Calculate v(-9).
395
Let s(b) = 628*b**2 + 95452*b - 651. What is s(-152)?
-43
Let v(r) = -r**3 - 49*r**2 - 524*r - 72. What is v(-33)?
-204
Let z(y) = -58*y**2 + 265*y + 395. Give z(-1).
72
Let x(p) = p**2 - 93*p + 1256. Calculate x(38).
-834
Let l(v) = -537*v + 84836. Give l(158).
-10
Let d(m) = -8313*m - 108450. What is d(-13)?
-381
Let z(f) = -2*f**2 + 82*f + 67270. Calcu